{"id":35,"date":"2020-03-15T20:25:08","date_gmt":"2020-03-15T19:25:08","guid":{"rendered":"http:\/\/spitzenklaenge.de\/wordpress\/?page_id=35"},"modified":"2026-03-15T14:27:58","modified_gmt":"2026-03-15T13:27:58","slug":"spitzenklaenge","status":"publish","type":"page","link":"https:\/\/spitzenklaenge.de\/wordpress\/","title":{"rendered":"Spitzenkl\u00e4nge"},"content":{"rendered":"\n<figure class=\"wp-block-image size-large\"><img loading=\"lazy\" decoding=\"async\" width=\"1024\" height=\"685\" src=\"https:\/\/spitzenklaenge.de\/wp-content\/uploads\/2026\/03\/Aufkleber-10Jahre-Spitze-oB-Schrift-schwarz-1024x685.png\" alt=\"\" class=\"wp-image-714\" srcset=\"https:\/\/spitzenklaenge.de\/wp-content\/uploads\/2026\/03\/Aufkleber-10Jahre-Spitze-oB-Schrift-schwarz-1024x685.png 1024w, https:\/\/spitzenklaenge.de\/wp-content\/uploads\/2026\/03\/Aufkleber-10Jahre-Spitze-oB-Schrift-schwarz-300x201.png 300w, https:\/\/spitzenklaenge.de\/wp-content\/uploads\/2026\/03\/Aufkleber-10Jahre-Spitze-oB-Schrift-schwarz-768x514.png 768w, https:\/\/spitzenklaenge.de\/wp-content\/uploads\/2026\/03\/Aufkleber-10Jahre-Spitze-oB-Schrift-schwarz-1536x1028.png 1536w, https:\/\/spitzenklaenge.de\/wp-content\/uploads\/2026\/03\/Aufkleber-10Jahre-Spitze-oB-Schrift-schwarz.png 1783w\" sizes=\"auto, (max-width: 706px) 89vw, (max-width: 767px) 82vw, 740px\" \/><\/figure>\n\n\n\n<p class=\"has-drop-cap has-text-align-left\"><em>Junge begabte Musikerinnen und Musiker aus dem Zollernalbkreis herausfordern, begleiten und f\u00f6rdern, sie zur musikalischen Meisterschaft bringen: <\/em><\/p>\n\n\n\n<h2 class=\"wp-block-heading has-text-align-center\">Talente entdecken und f\u00f6rdern<\/h2>\n\n\n\n<h3 class=\"wp-block-heading has-text-align-center\">Das ist unser Ziel als gemeinn\u00fctziger Verein.<\/h3>\n\n\n\n<p>Gef\u00f6rdert werden zus\u00e4tzliche Unterrichtsstunden beim jeweiligen Fachlehrer, Workshops sowie die Teilnahme von Meisterkursen und zus\u00e4tzliche Theorie- und Geh\u00f6rbildungskurse .<\/p>\n\n\n\n<h1 class=\"wp-block-heading has-text-align-center\" id=\"block-d0a7ff35-a5a7-416e-93f2-e040d961aae6\" style=\"font-size:60px\"><strong><mark style=\"background-color:rgba(0, 0, 0, 0)\" class=\"has-inline-color has-vivid-red-color\">OHNE<\/mark><\/strong> K<strong><mark style=\"background-color:rgba(0, 0, 0, 0)\" class=\"has-inline-color has-vivid-red-color\">UNS<\/mark><\/strong>t<br>und Kultur <strong><mark style=\"background-color:rgba(0, 0, 0, 0)\" class=\"has-inline-color has-vivid-red-color\">WIRD&#8217;S<\/mark><\/strong> <strong><mark style=\"background-color:rgba(0, 0, 0, 0)\" class=\"has-inline-color has-vivid-red-color\">STILL<\/mark><\/strong><\/h1>\n\n\n\n<h2 class=\"wp-block-heading has-text-align-center\">Unsere Spender und Sponsoren<\/h2>\n\n\n<div class=\"wp-block-image ticss-be5f49f7\">\n<figure class=\"aligncenter size-full is-resized\"><a href=\"https:\/\/www.sparkasse-zollernalb.de\/de\/home.html\" target=\"_blank\" rel=\"noreferrer noopener\"><img loading=\"lazy\" decoding=\"async\" width=\"206\" height=\"206\" src=\"https:\/\/spitzenklaenge.de\/wp-content\/uploads\/2022\/11\/19238174_1415680121845958_5521281512141372837_o.jpg\" alt=\"\" class=\"wp-image-479\" style=\"width:200px;height:200px\" srcset=\"https:\/\/spitzenklaenge.de\/wp-content\/uploads\/2022\/11\/19238174_1415680121845958_5521281512141372837_o.jpg 206w, https:\/\/spitzenklaenge.de\/wp-content\/uploads\/2022\/11\/19238174_1415680121845958_5521281512141372837_o-150x150.jpg 150w, https:\/\/spitzenklaenge.de\/wp-content\/uploads\/2022\/11\/19238174_1415680121845958_5521281512141372837_o-100x100.jpg 100w\" sizes=\"auto, (max-width: 206px) 100vw, 206px\" \/><\/a><figcaption class=\"wp-element-caption\">Sparkasse Zollernalb<\/figcaption><\/figure>\n<\/div>\n\n<div class=\"wp-block-image\">\n<figure class=\"aligncenter size-full\"><img loading=\"lazy\" decoding=\"async\" width=\"154\" height=\"148\" src=\"https:\/\/spitzenklaenge.de\/wp-content\/uploads\/2022\/11\/logo-lions.png\" alt=\"\" class=\"wp-image-482\"\/><\/figure>\n<\/div>\n\n<div class=\"wp-block-image\">\n<figure class=\"aligncenter size-full is-resized\"><a href=\"www.albstadt.de\"><img loading=\"lazy\" decoding=\"async\" width=\"240\" height=\"240\" src=\"https:\/\/spitzenklaenge.de\/wp-content\/uploads\/2022\/11\/73183972_3670391332986525_7931461095582072832_n.jpg\" alt=\"\" class=\"wp-image-480\" style=\"width:200px;height:200px\" srcset=\"https:\/\/spitzenklaenge.de\/wp-content\/uploads\/2022\/11\/73183972_3670391332986525_7931461095582072832_n.jpg 240w, https:\/\/spitzenklaenge.de\/wp-content\/uploads\/2022\/11\/73183972_3670391332986525_7931461095582072832_n-150x150.jpg 150w, https:\/\/spitzenklaenge.de\/wp-content\/uploads\/2022\/11\/73183972_3670391332986525_7931461095582072832_n-100x100.jpg 100w\" sizes=\"auto, (max-width: 240px) 100vw, 240px\" \/><\/a><\/figure>\n<\/div>\n\n<div class=\"wp-block-image\">\n<figure class=\"aligncenter size-full\"><a href=\"www.balingen.de\"><img loading=\"lazy\" decoding=\"async\" width=\"296\" height=\"132\" src=\"https:\/\/spitzenklaenge.de\/wp-content\/uploads\/2022\/11\/logo.png\" alt=\"\" class=\"wp-image-481\"\/><\/a><\/figure>\n<\/div>","protected":false},"excerpt":{"rendered":"<p>Junge begabte Musikerinnen und Musiker aus dem Zollernalbkreis herausfordern, begleiten und f\u00f6rdern, sie zur musikalischen Meisterschaft bringen: Talente entdecken und f\u00f6rdern Das ist unser Ziel als gemeinn\u00fctziger Verein. Gef\u00f6rdert werden zus\u00e4tzliche Unterrichtsstunden beim jeweiligen Fachlehrer, Workshops sowie die Teilnahme von Meisterkursen und zus\u00e4tzliche Theorie- und Geh\u00f6rbildungskurse . OHNE KUNStund Kultur WIRD&#8217;S STILL Unsere Spender und &hellip; <\/p>\n<p class=\"link-more\"><a href=\"https:\/\/spitzenklaenge.de\/wordpress\/\" class=\"more-link\"><span class=\"screen-reader-text\">\u201eSpitzenkl\u00e4nge\u201c <\/span>weiterlesen<\/a><\/p>\n","protected":false},"author":1,"featured_media":0,"parent":0,"menu_order":0,"comment_status":"closed","ping_status":"closed","template":"","meta":{"_themeisle_gutenberg_block_has_review":false,"footnotes":""},"class_list":["post-35","page","type-page","status-publish","hentry"],"_links":{"self":[{"href":"https:\/\/spitzenklaenge.de\/wordpress\/wp-json\/wp\/v2\/pages\/35","targetHints":{"allow":["GET"]}}],"collection":[{"href":"https:\/\/spitzenklaenge.de\/wordpress\/wp-json\/wp\/v2\/pages"}],"about":[{"href":"https:\/\/spitzenklaenge.de\/wordpress\/wp-json\/wp\/v2\/types\/page"}],"author":[{"embeddable":true,"href":"https:\/\/spitzenklaenge.de\/wordpress\/wp-json\/wp\/v2\/users\/1"}],"replies":[{"embeddable":true,"href":"https:\/\/spitzenklaenge.de\/wordpress\/wp-json\/wp\/v2\/comments?post=35"}],"version-history":[{"count":40,"href":"https:\/\/spitzenklaenge.de\/wordpress\/wp-json\/wp\/v2\/pages\/35\/revisions"}],"predecessor-version":[{"id":720,"href":"https:\/\/spitzenklaenge.de\/wordpress\/wp-json\/wp\/v2\/pages\/35\/revisions\/720"}],"wp:attachment":[{"href":"https:\/\/spitzenklaenge.de\/wordpress\/wp-json\/wp\/v2\/media?parent=35"}],"curies":[{"name":"wp","href":"https:\/\/api.w.org\/{rel}","templated":true}]}}