{"id":425,"date":"2022-02-06T17:33:12","date_gmt":"2022-02-06T16:33:12","guid":{"rendered":"https:\/\/spitzenklaenge.de\/wordpress\/?post_type=mec-events&#038;p=425"},"modified":"2022-09-04T18:13:32","modified_gmt":"2022-09-04T16:13:32","slug":"internationaler-musikalischer-jugendaustausch-deutschland-israel-rumaenien-ferienwaldheim-ebingen","status":"publish","type":"mec-events","link":"https:\/\/spitzenklaenge.de\/wordpress\/events\/internationaler-musikalischer-jugendaustausch-deutschland-israel-rumaenien-ferienwaldheim-ebingen\/","title":{"rendered":"Internationaler musikalischer Jugendaustausch Deutschland &#8211; Israel \u2013 Rum\u00e4nien Ferienwaldheim Ebingen"},"content":{"rendered":"<h4>Die beteiligten Institutionen:<\/h4>\n<h2>Spitzenkl\u00e4nge e. V. Begabten Musikf\u00f6rderung Zollernalb<\/h2>\n<h2><a href=\"https:\/\/www.icm.org.il\/en\/\">The Israel Conservatory of Tel Aviv (Israel)<\/a><\/h2>\n<h2><a href=\"https:\/\/www.facebook.com\/colegiulsigismundtoduta\/\">Colegiul de Muzic\u00e4 \u201eSigismund Todut\u00e4\u201c Cluj-Napoca<\/a> (Rum\u00e4nien)<\/h2>\n<p>Die drei Leitungspersonen: Renate Musat (Deutschland), Delia Jacob (Israel) und Monica Noveanu (Rum\u00e4nien) haben gemeinsam in Rum\u00e4nien das Musikgymnasium in Cluj-Napoca (Klausenburg) besucht, sp\u00e4ter an der Musikhochschule studiert und sind seit \u00fcber 50 Jahren befreundet. Die gemeinsame Liebe zur Musik und Begeisterung zu ihrem Beruf wollen sie ihren Sch\u00fclern weitergeben, das hat zu dem Entschluss gef\u00fchrt dieses Projekt anzugehen. In den letzten Jahren haben schon mehrere Begegnungen zwischen Rum\u00e4nien und Israel stattgefunden (zwei Mal waren israelische Sch\u00fcler in Rum\u00e4nien und einmal rum\u00e4nische Sch\u00fcler in Israel.<\/p>\n<p><img loading=\"lazy\" decoding=\"async\" class=\"alignleft wp-image-428\" src=\"https:\/\/spitzenklaenge.de\/wp-content\/uploads\/2022\/02\/Renate-Foto-web-284x300.jpg\" alt=\"\" width=\"300\" height=\"317\" srcset=\"https:\/\/spitzenklaenge.de\/wp-content\/uploads\/2022\/02\/Renate-Foto-web-284x300.jpg 284w, https:\/\/spitzenklaenge.de\/wp-content\/uploads\/2022\/02\/Renate-Foto-web-970x1024.jpg 970w, https:\/\/spitzenklaenge.de\/wp-content\/uploads\/2022\/02\/Renate-Foto-web-768x811.jpg 768w, https:\/\/spitzenklaenge.de\/wp-content\/uploads\/2022\/02\/Renate-Foto-web.jpg 1345w\" sizes=\"auto, (max-width: 300px) 100vw, 300px\" \/><\/p>\n<p>Renate Musat, Initiatorin, 2. Vorsitzende des Vereins Spitzenkl\u00e4nge e. V. Begabten Musikf\u00f6rderung Zollernalb. Diplom Musikerin f\u00fcr Violine, Viola, Kammermusik, Dirigentin, Konzertmeisterin mit langj\u00e4hriger Konzertt\u00e4tigkeit und einer sehr erfolgreichen p\u00e4dagogischen Arbeit, die sich in zahlreichen Preisen ihrer Sch\u00fcler\/innen bei nationalen und\u00a0 internationalen Wettbewerben zeigt.<\/p>\n<p>&nbsp;<\/p>\n<p>&nbsp;<\/p>\n<p>&nbsp;<\/p>\n<p>&nbsp;<\/p>\n<p><img loading=\"lazy\" decoding=\"async\" class=\"alignleft size-medium wp-image-430\" src=\"https:\/\/spitzenklaenge.de\/wp-content\/uploads\/2022\/02\/Delia-Foto-web-300x300.jpg\" alt=\"\" width=\"300\" height=\"300\" srcset=\"https:\/\/spitzenklaenge.de\/wp-content\/uploads\/2022\/02\/Delia-Foto-web-300x300.jpg 300w, https:\/\/spitzenklaenge.de\/wp-content\/uploads\/2022\/02\/Delia-Foto-web-1024x1024.jpg 1024w, https:\/\/spitzenklaenge.de\/wp-content\/uploads\/2022\/02\/Delia-Foto-web-150x150.jpg 150w, https:\/\/spitzenklaenge.de\/wp-content\/uploads\/2022\/02\/Delia-Foto-web-768x768.jpg 768w, https:\/\/spitzenklaenge.de\/wp-content\/uploads\/2022\/02\/Delia-Foto-web-1536x1536.jpg 1536w, https:\/\/spitzenklaenge.de\/wp-content\/uploads\/2022\/02\/Delia-Foto-web-100x100.jpg 100w, https:\/\/spitzenklaenge.de\/wp-content\/uploads\/2022\/02\/Delia-Foto-web.jpg 1687w\" sizes=\"auto, (max-width: 300px) 100vw, 300px\" \/><\/p>\n<p>Delia Jacob, Diplom Musikerin f\u00fcr Violine, Viola, Kammermusik, Orchestermusikerin im Sinfonie Orchester Haifa, bis September 2021 langj\u00e4hrige Fachbereichs- Leiterin am Konservatorium von Tel Aviv, mit einer sehr erfolgreichen p\u00e4dagogischen T\u00e4tigkeit. Viele ihrer Sch\u00fcler studieren an israelischen und ausl\u00e4ndischen Hochschulen.Sie gibt Meisterkurse im In- und Ausland. Delia Jacob wird auch als Dolmetscherin t\u00e4tig sein, da sie alle vier Sprachen spricht (Hebr\u00e4isch, Rum\u00e4nisch. Deutsch und Englisch). In den letzten Jahren hat sie angefangen zu schreiben. Ihr erster Roman ist in Israel und Rum\u00e4nien erschienen.<\/p>\n<p>&nbsp;<\/p>\n<p>&nbsp;<\/p>\n<p><img loading=\"lazy\" decoding=\"async\" class=\"wp-image-429 size-medium alignleft\" src=\"https:\/\/spitzenklaenge.de\/wp-content\/uploads\/2022\/02\/Monica-Fotoweb-300x300.jpg\" alt=\"\" width=\"300\" height=\"300\" srcset=\"https:\/\/spitzenklaenge.de\/wp-content\/uploads\/2022\/02\/Monica-Fotoweb-300x300.jpg 300w, https:\/\/spitzenklaenge.de\/wp-content\/uploads\/2022\/02\/Monica-Fotoweb-1024x1024.jpg 1024w, https:\/\/spitzenklaenge.de\/wp-content\/uploads\/2022\/02\/Monica-Fotoweb-150x150.jpg 150w, https:\/\/spitzenklaenge.de\/wp-content\/uploads\/2022\/02\/Monica-Fotoweb-768x768.jpg 768w, https:\/\/spitzenklaenge.de\/wp-content\/uploads\/2022\/02\/Monica-Fotoweb-1536x1536.jpg 1536w, https:\/\/spitzenklaenge.de\/wp-content\/uploads\/2022\/02\/Monica-Fotoweb-2048x2048.jpg 2048w, https:\/\/spitzenklaenge.de\/wp-content\/uploads\/2022\/02\/Monica-Fotoweb-100x100.jpg 100w\" sizes=\"auto, (max-width: 300px) 100vw, 300px\" \/>Dr Monica-Stanca Noveanu, Diplommusikerin f\u00fcr Klavier mit reicher Konzertt\u00e4tigkeit (2020 Promotion an der Musikakademie Bukarest), langj\u00e4hrige Fachbereichsleiterin f\u00fcr Klavier am Musikgymnasium und an der Musikhochschule in Cluj-Napoca. F\u00fcr ihre au\u00dfergew\u00f6hnliche p\u00e4dagogische T\u00e4tigkeit wurde sie mit zahlreichen nationalen und internationalen Auszeichnungen geehrt, ist Jurymitglied in nationalen und internationalen Wettbewerben, hat mitgewirkt bei der Ausarbeitung der p\u00e4dagogischen Richtlinien f\u00fcr die rum\u00e4nischen Musikschulen und Wettbewerbe, hat viele Artikel in Musik-zeitschriften publiziert und Meisterkurse in verschiedenen L\u00e4ndern gehalten. Ihre Sch\u00fcler haben nationale und internationale Preise erhalten und studieren an verschiedenen Hochschulen weltweit.<\/p>\n","protected":false},"excerpt":{"rendered":"<p>Die beteiligten Institutionen: Spitzenkl\u00e4nge e. V. Begabten Musikf\u00f6rderung Zollernalb The Israel Conservatory of Tel Aviv (Israel) Colegiul de Muzic\u00e4 \u201eSigismund Todut\u00e4\u201c Cluj-Napoca (Rum\u00e4nien) Die drei Leitungspersonen: Renate Musat (Deutschland), Delia Jacob (Israel) und Monica Noveanu (Rum\u00e4nien) haben gemeinsam in Rum\u00e4nien das Musikgymnasium in Cluj-Napoca (Klausenburg) besucht, sp\u00e4ter an der Musikhochschule studiert und sind seit \u00fcber &hellip; <\/p>\n<p class=\"link-more\"><a href=\"https:\/\/spitzenklaenge.de\/wordpress\/events\/internationaler-musikalischer-jugendaustausch-deutschland-israel-rumaenien-ferienwaldheim-ebingen\/\" class=\"more-link\"><span class=\"screen-reader-text\">\u201eInternationaler musikalischer Jugendaustausch Deutschland &#8211; Israel \u2013 Rum\u00e4nien Ferienwaldheim Ebingen\u201c <\/span>weiterlesen<\/a><\/p>\n","protected":false},"author":1,"featured_media":473,"comment_status":"closed","ping_status":"closed","template":"","tags":[],"mec_category":[],"class_list":["post-425","mec-events","type-mec-events","status-publish","has-post-thumbnail","hentry"],"_links":{"self":[{"href":"https:\/\/spitzenklaenge.de\/wordpress\/wp-json\/wp\/v2\/mec-events\/425","targetHints":{"allow":["GET"]}}],"collection":[{"href":"https:\/\/spitzenklaenge.de\/wordpress\/wp-json\/wp\/v2\/mec-events"}],"about":[{"href":"https:\/\/spitzenklaenge.de\/wordpress\/wp-json\/wp\/v2\/types\/mec-events"}],"author":[{"embeddable":true,"href":"https:\/\/spitzenklaenge.de\/wordpress\/wp-json\/wp\/v2\/users\/1"}],"replies":[{"embeddable":true,"href":"https:\/\/spitzenklaenge.de\/wordpress\/wp-json\/wp\/v2\/comments?post=425"}],"wp:featuredmedia":[{"embeddable":true,"href":"https:\/\/spitzenklaenge.de\/wordpress\/wp-json\/wp\/v2\/media\/473"}],"wp:attachment":[{"href":"https:\/\/spitzenklaenge.de\/wordpress\/wp-json\/wp\/v2\/media?parent=425"}],"wp:term":[{"taxonomy":"post_tag","embeddable":true,"href":"https:\/\/spitzenklaenge.de\/wordpress\/wp-json\/wp\/v2\/tags?post=425"},{"taxonomy":"mec_category","embeddable":true,"href":"https:\/\/spitzenklaenge.de\/wordpress\/wp-json\/wp\/v2\/mec_category?post=425"}],"curies":[{"name":"wp","href":"https:\/\/api.w.org\/{rel}","templated":true}]}}

Internationaler musikalischer Jugendaustausch Deutschland &#8211; Israel – Rumänien Ferienwaldheim Ebingen

<h4>Die beteiligten Institutionen:</h4>
<h2>Spitzenklänge e. V. Begabten Musikförderung Zollernalb</h2>
<h2><a href="https://www.icm.org.il/en/">The Israel Conservatory of Tel Aviv (Israel)</a></h2>
<h2><a href="https://www.facebook.com/colegiulsigismundtoduta/">Colegiul de Muzicä „Sigismund Todutä“ Cluj-Napoca</a> (Rumänien)</h2>
<p>Die drei Leitungspersonen: Renate Musat (Deutschland), Delia Jacob (Israel) und Monica Noveanu (Rumänien) haben gemeinsam in Rumänien das Musikgymnasium in Cluj-Napoca (Klausenburg) besucht, später an der Musikhochschule studiert und sind seit über 50 Jahren befreundet. Die gemeinsame Liebe zur Musik und Begeisterung zu ihrem Beruf wollen sie ihren Schülern weitergeben, das hat zu dem Entschluss geführt dieses Projekt anzugehen. In den letzten Jahren haben schon mehrere Begegnungen zwischen Rumänien und Israel stattgefunden (zwei Mal waren israelische Schüler in Rumänien und einmal rumänische Schüler in Israel.</p>
<p><img loading="lazy" decoding="async" class="alignleft wp-image-428" src="https://spitzenklaenge.de/wp-content/uploads/2022/02/Renate-Foto-web-284x300.jpg" alt="" width="300" height="317" srcset="https://spitzenklaenge.de/wp-content/uploads/2022/02/Renate-Foto-web-284x300.jpg 284w, https://spitzenklaenge.de/wp-content/uploads/2022/02/Renate-Foto-web-970x1024.jpg 970w, https://spitzenklaenge.de/wp-content/uploads/2022/02/Renate-Foto-web-768x811.jpg 768w, https://spitzenklaenge.de/wp-content/uploads/2022/02/Renate-Foto-web.jpg 1345w" sizes="auto, (max-width: 300px) 100vw, 300px" /></p>
<p>Renate Musat, Initiatorin, 2. Vorsitzende des Vereins Spitzenklänge e. V. Begabten Musikförderung Zollernalb. Diplom Musikerin für Violine, Viola, Kammermusik, Dirigentin, Konzertmeisterin mit langjähriger Konzerttätigkeit und einer sehr erfolgreichen pädagogischen Arbeit, die sich in zahlreichen Preisen ihrer Schüler/innen bei nationalen und  internationalen Wettbewerben zeigt.</p>
<p>&nbsp;</p>
<p>&nbsp;</p>
<p>&nbsp;</p>
<p>&nbsp;</p>
<p><img loading="lazy" decoding="async" class="alignleft size-medium wp-image-430" src="https://spitzenklaenge.de/wp-content/uploads/2022/02/Delia-Foto-web-300x300.jpg" alt="" width="300" height="300" srcset="https://spitzenklaenge.de/wp-content/uploads/2022/02/Delia-Foto-web-300x300.jpg 300w, https://spitzenklaenge.de/wp-content/uploads/2022/02/Delia-Foto-web-1024x1024.jpg 1024w, https://spitzenklaenge.de/wp-content/uploads/2022/02/Delia-Foto-web-150x150.jpg 150w, https://spitzenklaenge.de/wp-content/uploads/2022/02/Delia-Foto-web-768x768.jpg 768w, https://spitzenklaenge.de/wp-content/uploads/2022/02/Delia-Foto-web-1536x1536.jpg 1536w, https://spitzenklaenge.de/wp-content/uploads/2022/02/Delia-Foto-web-100x100.jpg 100w, https://spitzenklaenge.de/wp-content/uploads/2022/02/Delia-Foto-web.jpg 1687w" sizes="auto, (max-width: 300px) 100vw, 300px" /></p>
<p>Delia Jacob, Diplom Musikerin für Violine, Viola, Kammermusik, Orchestermusikerin im Sinfonie Orchester Haifa, bis September 2021 langjährige Fachbereichs- Leiterin am Konservatorium von Tel Aviv, mit einer sehr erfolgreichen pädagogischen Tätigkeit. Viele ihrer Schüler studieren an israelischen und ausländischen Hochschulen.Sie gibt Meisterkurse im In- und Ausland. Delia Jacob wird auch als Dolmetscherin tätig sein, da sie alle vier Sprachen spricht (Hebräisch, Rumänisch. Deutsch und Englisch). In den letzten Jahren hat sie angefangen zu schreiben. Ihr erster Roman ist in Israel und Rumänien erschienen.</p>
<p>&nbsp;</p>
<p>&nbsp;</p>
<p><img loading="lazy" decoding="async" class="wp-image-429 size-medium alignleft" src="https://spitzenklaenge.de/wp-content/uploads/2022/02/Monica-Fotoweb-300x300.jpg" alt="" width="300" height="300" srcset="https://spitzenklaenge.de/wp-content/uploads/2022/02/Monica-Fotoweb-300x300.jpg 300w, https://spitzenklaenge.de/wp-content/uploads/2022/02/Monica-Fotoweb-1024x1024.jpg 1024w, https://spitzenklaenge.de/wp-content/uploads/2022/02/Monica-Fotoweb-150x150.jpg 150w, https://spitzenklaenge.de/wp-content/uploads/2022/02/Monica-Fotoweb-768x768.jpg 768w, https://spitzenklaenge.de/wp-content/uploads/2022/02/Monica-Fotoweb-1536x1536.jpg 1536w, https://spitzenklaenge.de/wp-content/uploads/2022/02/Monica-Fotoweb-2048x2048.jpg 2048w, https://spitzenklaenge.de/wp-content/uploads/2022/02/Monica-Fotoweb-100x100.jpg 100w" sizes="auto, (max-width: 300px) 100vw, 300px" />Dr Monica-Stanca Noveanu, Diplommusikerin für Klavier mit reicher Konzerttätigkeit (2020 Promotion an der Musikakademie Bukarest), langjährige Fachbereichsleiterin für Klavier am Musikgymnasium und an der Musikhochschule in Cluj-Napoca. Für ihre außergewöhnliche pädagogische Tätigkeit wurde sie mit zahlreichen nationalen und internationalen Auszeichnungen geehrt, ist Jurymitglied in nationalen und internationalen Wettbewerben, hat mitgewirkt bei der Ausarbeitung der pädagogischen Richtlinien für die rumänischen Musikschulen und Wettbewerbe, hat viele Artikel in Musik-zeitschriften publiziert und Meisterkurse in verschiedenen Ländern gehalten. Ihre Schüler haben nationale und internationale Preise erhalten und studieren an verschiedenen Hochschulen weltweit.</p>

<p>Die beteiligten Institutionen: Spitzenklänge e. V. Begabten Musikförderung Zollernalb The Israel Conservatory of Tel Aviv (Israel) Colegiul de Muzicä „Sigismund Todutä“ Cluj-Napoca (Rumänien) Die drei Leitungspersonen: Renate Musat (Deutschland), Delia Jacob (Israel) und Monica Noveanu (Rumänien) haben gemeinsam in Rumänien das Musikgymnasium in Cluj-Napoca (Klausenburg) besucht, später an der Musikhochschule studiert und sind seit über &hellip; </p>
<p class="link-more"><a href="https://spitzenklaenge.de/wordpress/events/internationaler-musikalischer-jugendaustausch-deutschland-israel-rumaenien-ferienwaldheim-ebingen/" class="more-link"><span class="screen-reader-text">„Internationaler musikalischer Jugendaustausch Deutschland &#8211; Israel – Rumänien Ferienwaldheim Ebingen“ </span>weiterlesen</a></p>
